))?
-2
-3 + -4 + 1 - (2 + -5)
-3
Evaluate -10 - -12 - (7 + -2).
-3
Calculate 7 - (32 - 5 - 11).
-9
Calculate 3 + (2 + -9 - -4).
0
What is the value of -6 - 2 - (16 + -21)?
-3
What is -3 + (-1 - (8 + -16))?
4
What is the value of -4 - -5 - (-7 - (1 - 4))?
5
What is -3 - 1 - (-10 - -1)?
5
What is (2 - 5) + (4 - 7)?
-6
Calculate -2 + 4 + 3 - 3 - -3.
5
What is 4 + -9 + -3 - -4?
-4
Calculate -7 + 4 + (1 - (-4 + 1)).
1
-12 + 5 - -15 - (6 + 9)
-7
(-6 - -13) + -2 - (5 - 1)
1
What is -10 + 7 - -17 - 6?
8
Calculate 7 - (2 + (3 - 4)).
6
What is -10 - (3 + -19) - 9?
-3
Evaluate -2 + (1 - 0 - (2 + -5)).
2
0 + (3 - 3) + 1
1
What is -2 + -2 + (7 - 3)?
0
What is -1 + 6 + -4 + -4?
-3
What is 27 + (5 - 32) - (-1 - 3)?
4
What is the value of -3 - ((2 - -1) + -3)?
-3
Evaluate -14 + 1 + 25 + -20.
-8
Calculate -8 - 4 - -2 - (-13 + 8).
-5
7 + (-1 - 3) + -1
2
Calculate (1 + -5 - -4) + -3 - -3.
0
What is -2 + 0 - (-4 + -3)?
5
Calculate 20 + -7 + -8 - 9.
-4
Calculate 5 + -4 + 1 + -8 - -6.
0
Evaluate -7 + (4 - 5) + 11.
3
What is the value of (-13 + 4 - 5) + 3?
-11
-17 + 3 + (3 - -11)
0
Calculate (-1 - (-1 + -1)) + -8 + 2.
-5
4 + (-9 - -1) + 4 + 0
0
Evaluate -396 - -395 - (-1 - (0 + 0)).
0
Evaluate -4 + (-8 - -7) - (0 + -1).
-4
Evaluate (-2 - (0 + -1)) + (-89 - -91).
1
Calculate -2 + -3 + (0 - (1 + -7)).
1
What is 15 - 9 - ((7 - 4) + 4)?
-1
Evaluate 7 - -2 - -6 - 12.
3
3 - (7 + -4 - 4)
4
What is 1 - (5 - 1) - (-690 - -693)?
-6
Calculate -2 - -4 - 0 - 4 - 1.
-3
Calculate -1 + 5 + (-9 - -3) - 1.
-3
Evaluate -1 + (-10 + 3 - -8).
0
What is the value of 13 - (4 - (6 - (-5 - -11)))?
9
What is 3 + 0 + 15 + -5 + -5?
8
-2 + (-4 - -5) + -2
-3
-16 + 27 + -6 + 1 + -3
3
Evaluate (1 - 5) + (1 + -4 - -5).
-2
Calculate -27 - -34 - (3 - 1) - 4.
1
What is the value of 3 + (3 - 3) + 2 - 4?
1
What is the value of -9 - 2 - (1 - 16)?
4
Calculate -1 - -1 - (-8 + 13 + -4).
-1
What is the value of -1 + 2 - 4 - (-68 + 61)?
4
Evaluate 2 + 0 - (1 + -2 - 0).
3
Calculate 4 + (1 + 0 - 1) + -1.
3
What is -5 + (5 + -12 + 6 - -2)?
-4
What is the value of -7 + (-3 - (5 - 7)) + -3?
-11
-11 - 2 - 1 - -4
-10
What is 4 + -5 + 4 + 0?
3
What is -1 + (-4 - -1) + 2 - 6?
-8
-4 + -2 + 13 + 3 + -4
6
What is (-6 - -6) + 5 + -10?
-5
Evaluate 3 + (-8 + -1 - 2) - -3.
-5
What is 3 - 1 - (251 + -240)?
-9
What is -2 - (3 + (-4 - 4))?
3
Evaluate 5 - (2 + (4 - 3)).
2
What is -3 + (-11 - -6) + 12?
4
Calculate 0 + 4 + 1 - (3 + -2).
4
Evaluate -6 + (2 - -6 - -3 - 8).
-3
Calculate -2 + (-5 - (-5 + (4 - 5))).
-1
Calculate (-38 - -27) + (22 - 1).
10
Calculate 0 + 5 + -5 + 6.
6
Calculate (-1 - (-4 - 1)) + 1 + -1.
4
Evaluate (-4 - -4) + 3 + -1.
2
Calculate -1 + 0 - (-1 - (-1 + -2)).
-3
What is the value of -8 - (-15 + -4 + 12)?
-1
Evaluate 4 + 2 + (-10 - -1).
-3
Calculate 7 - (-2 + 9) - (-6 + 3).
3
Calculate 10 - (-1 - -3) - 6.
2
What is the value of -6 + 0 + (-1 - -4)?
-3
What is the value of (0 - 5) + -1 - (-36 - -33)?
-3
Calculate 11 + (-7 - 12) + -3 + 4.
-7
What is the value of (1 - 3) + -11 + 15?
2
What is 5 - (2 - (6 + -6))?
3
(1 - (-4 + 15)) + -11 + 11
-10
Evaluate -5 - (1 - -5) - -2.
-9
What is -6 - (-4 - 1) - -1?
0
What is -1 + -2 + 2 + 0?
-1
What is 3 + (-14 + 8 - (3 - 1))?
-5
Calculate 1 + (-2 - (2 + 2)).
-5
Calculate 5 + -3 + 2 + (0 - -1).
5
What is the value of -3 + 3 + -5 + (0 - -2)?
-3
7 + (-10 - -6 - 4) + 1
0
What is 2 - (2 + 6) - 0?
-6
What is (-9 - -7) + -4 + 5?
-1
What is the value of -1 - (-5 + 6) - (-3 - 0)?
1
What is the value of (5 - -3) + (0 - -5) + -9?
4
Evaluate (107 - 125) + 9 + 1.
-8
Calculate (2 - -1) + 2 - (4 - 2).
3
Calculate 2 - (2 + 1 + 3) - 1.
-5
(-28 - -21) + -1 + 7
-1
What is 4 + 1 + -7 + -3?
-5
Evaluate (-1 - (-10 - -5)) + 1.
5
Evaluate -2 + 5 + -5 + 2 + 3.
3
What is the value of (5 - -1) + (30 - 21) + -7?
8
Evaluate 4 + (-7 - -6) + -3 + -5.
-5
Evaluate -8 + (-5 - -4) + 4.
-5
Evaluate 7 + (-4 - 4 - 8) + 4.
-5
What is the value of (-2 - -10) + 25 + -22?
11
3 - ((5 - 3) + 3 - 6)
4
-27 + 32 - (4 + 1)
0
5 + -3 + -2 + -3 + 1
-2
What is the value of -6 + (-1 - (-2 + -6 + 6))?
-5
What is the value of 7 - (0 + -2 - (-3 + -1))?
5
What is the value of (-1 - -8) + (-16 - -7)?
-2
-3 + 2 + -3 - -1
-3
Calculate (-10 - (-18 - -1)) + 0.
7
-1 + -6 + (18 + -4 - 4)
3
2 + (-6 + 4 + -3 - -4)
1
Evaluate 4 + 10 + -6 + -14.
-6
Calculate 4 + -1 - (22 + -21).
2
Evaluate -1 + (-4 - (-3 - -2)).
-4
What is the value of -1 - -3 - (7 + -5) - 4?
-4
What is the value of (0 - 6) + 13 + 0 + -8?
-1
-2 + (-3 - -9) - (2 - -2)
0
Calculate 10 - (-4 - (-9 + -5 + 4)).
4
Evaluate (-5 + 0 - 1) + 4.
-2
(5 - 2) + (-1 - 1)
1
What is 3 - 2 - 1 - (23 + -24)?
1
Calculate -11 - (-4 - 13) - -3.
9
What is 10 + (-6 - 6) + 8?
6
What is the value of -1 - (-5 - (3 + -5))?
2
What is the value of -1 + 6 + (11 - 6 - 8)?
2
Evaluate -15 + 2 + 5 + 0.
-8
Evaluate -15 + 19 + (-18 - -8).
-6
What is 6 + -3 + -2 + -5?
-4
What is -2 + (5 - -1) + 0?
4
Evaluate 3 + (1 - -1) + -1 + -4.
0
0 - (1 + 5 - -2 - 4)
-4
Evaluate -1 - (-7 - (2 + -1)).
7
What is -26 - -32 - (4 - -1)?
1
What is 19 - (12 + -1) - 11?
-3
Evaluate -14 + (5 - 3 - (4 + -7)).
-9
What is the value of -6 + (-5 + (0 - 0) - -9)?
-2
Evaluate 0 + 3 - 0 - (0 + -1).
4
What is 7 - (6 - (0 - -2))?
3
What is the value of -2 - (0 - (-2 - 1))?
-5
Evaluate -1 + 2 - (17 + -21).
5
Calculate (8 - (3 - -2)) + 1.
4
What is the value of 2 + (-4 - -6) + -6 + -1?
-3
What is the value of -3 + 11 - 9 - -1?
0
What is 1 + -5 + (-14 - -23) - 6?
-1
What is 1 - (-1 + 7 - -5 - 4)?
-6
What is -7 + -2 + 1 + 3?
-5
What is 4 - ((3 - 4 - -9) + -5)?
1
(3 + -7 - -6) + 8 + -5
5
Calculate -7 + (21 - (6 + -8 - -9)).
7
What is -5 + 1 + 2 + 1?
-1
What is the value of -2 + (-2 + 4 - -3)?
3
What is -3 + (-5 - (-6 - (-3 + 7)))?
2
What is the value of -3 + (1 - -8) + (-3 - -2)?
5
Evaluate -2 + (5 - -5) + -4.
4
What is the value of 1 + -2 + -1 + 4 + 1?
3
(-25 - -34) + 1 + -23 - -9
-4
Evaluate 9 - (1 - (-6 - -3)).
5
-4 + 4 - 2 - -7
5
Calculate -4 - (-3 + (-5 - (2 - 8))).
-2
What is 1 - (-3 - -1) - (1 + 0)?
2
What is the value of 5 + (-19 - (10 - 4 - 12))?
-8
Evaluate 1 - (-9 + (5 - 2) - -5).
2
What is the value of -1 + 10 + (-9 - -3)?
3
Calculate (5 - 7) + -5 - (0 - 10).
3
What is (6 - 0) + -5 + 2?
3
Calculate 1 - (-5 - (-3 - 7)).
-4
What is the value of 92 + -104 - (0 - 7)?
-5
Evaluate 4 + 1 + (1 - (-3 - 1)).
10
Calculate (3 - (3 - 1) - 2) + 2.
1
Evaluate 9 + -14 + 4 + (-2 - -1).
-2
35 + -31 + (1 - 1)
4
What is 33 + -35 + 5 + 0?
3
What is the value of -3 + (7 + -5 + 4 - 3)?
0
What is the value of 9 + -5 - (-2 + -2 + 5)?
3
What is 9 + -13 - (-7 - (1 - 5))?
-1
Calculate -4 - (1 + (-4 - 0)) - 3.
-4
Evaluate 10 - (4 - (0 + -4 + 3)).
5
8 + -13 - -7 - 1
1
What is the value of (-12 - -7) + 4 + 1?
0
Evaluate 22 + -16 - (9 - 3).
0
What is the value of -5 + 7 + (6 - 11)?
-3
-14 + 13 + -5 + 4
-2
What is the value of 8 - 9 - (-5 - -7 - 0)?
-3
Evaluate 4 + (-5 - (-5 + 6 + -6)).
4
What is the value of 3 + (-3 + 5 - 3 - 1)?
1
Evaluate 0 - (-1 + 5 + -2 + 0).
-2
What is the value of 4 + -8 - (-1 + 2 + -4)?
-1
What is the value of (1 - -4 - 6) + 2 + 0?
1
What is the value of (-6 - (1 - 1)) + 2?
-4
-1 + 7 + -12 + -2
-8
What is the value of (0 - 0) + (-18 - -9 - -3)?
-6
What is -8 - -2 - (1 + -4)?
-3
Evaluate 3 + -6 + -1 + 2.
-2
Calculate -6 + 9 + 0 + -3 + 4.
4
Evaluate 70 + -63 + (1 - 5).
3
(0 - -2) + -126 + 119
-5
What is the value of 3 + -1 + 1 + (18 - 27)?
-6
What is the value of 4 + 10 - 10 - (-1 + 0)?
5
What is the value of -3 - (0 + (-1 - 3))?
1
Calculate 4 - ((-6 - -1) + -10 + 16).
3
Evaluate 9 - (-2 + (-7 - -12)).
6
What is the value of 6 + (7 - 5) + -7 + 0?
1
(-11 - -2) + (-4 - -4) + 6
-3
Evaluate -8 + (0 - (-5 + 0)).
-3
3 + (-2 - -3 - 4 - 4)
-4
What is the value of (-4 - -1) + (-1 - (2 - 4))?
-2
What is (2 - -3) + -10 - (-8 + -1)?
4
Calculate 1 + 3 + 0 + -11.
-7
Evaluate (-4 - -1 - -6) + -1 + -2.
0
What is the value of (4 - 4 - (-1 + 4)) + 6?
3
What is the value of -13 + 26 + -6 + -8?
-1
-13 + 4 - (5 + -19)
5
Evaluate -2 + -3 + (-2 - -7) + -4.
-4
What is 128 + -118 - (11 + -2)?
1
Calculate -3 + -2 + 5 + 1.
1
What is -2 - ((7 - (17 + 0)) + 1)?
7
Evaluate -11 + (13 - 9) + 0.
-7
What is the value of (0 - 1) + 9 + -4?
4
(0 - 2) + 11 + (-19 - -13)
3
Evaluate (2 - (4 - 3)) + -3 - -5.
3
What is 0 - -3 - (13 + -17 - -11)?
-4
What is the value of 9 - (7 + -6) -